{"id":11,"date":"2024-06-21T07:53:10","date_gmt":"2024-06-21T07:53:10","guid":{"rendered":"https:\/\/mairies-online.fr\/?page_id=11"},"modified":"2025-03-19T13:43:33","modified_gmt":"2025-03-19T13:43:33","slug":"qui-sommes-nous","status":"publish","type":"page","link":"https:\/\/mairies-online.com\/blog\/qui-sommes-nous\/","title":{"rendered":"Qui Sommes-Nous ?"},"content":{"rendered":"\n<h3 class=\"wp-block-heading\">Bienvenue sur Mairies Online<\/h3>\n\n\n\n<p>Mairies Online r\u00e9invente l\u2019information locale en alliant technologie et actualit\u00e9. Ici, pas de journalistes traditionnels : notre intelligence artificielle collecte, analyse et synth\u00e9tise les informations des mairies et communaut\u00e9s fran\u00e7aises pour vous offrir un contenu pr\u00e9cis et impartial.<\/p>\n\n\n\n<p>N\u00e9e de la passion de deux d\u00e9veloppeurs pour l\u2019actualit\u00e9 et l\u2019IA, notre plateforme transforme les donn\u00e9es en r\u00e9cits clairs et accessibles, vous permettant de rester inform\u00e9 sans effort.<\/p>\n\n\n\n<p>D\u00e9couvrez une nouvelle fa\u00e7on de suivre l\u2019info locale, o\u00f9 l\u2019innovation fa\u00e7onne l\u2019information avec pr\u00e9cision et transparence.<\/p>\n\n\n\n<p> <strong>Mairies Online \u2013 L\u2019actualit\u00e9 locale, autrement.<\/strong><\/p>\n","protected":false},"excerpt":{"rendered":"<p>Bienvenue sur Mairies Online Mairies Online r\u00e9invente l\u2019information locale en alliant technologie et actualit\u00e9. Ici, pas de journalistes traditionnels : notre intelligence artificielle collecte, analyse et synth\u00e9tise les informations des mairies et communaut\u00e9s fran\u00e7aises pour vous offrir un contenu pr\u00e9cis et impartial. N\u00e9e de la passion de deux d\u00e9veloppeurs pour l\u2019actualit\u00e9 et l\u2019IA, notre plateforme &#8230; <a title=\"Qui Sommes-Nous ?\" class=\"read-more\" href=\"https:\/\/mairies-online.com\/blog\/qui-sommes-nous\/\" aria-label=\"En savoir plus sur Qui Sommes-Nous ?\">Lire la suite<\/a><\/p>\n","protected":false},"author":5,"featured_media":0,"parent":0,"menu_order":0,"comment_status":"closed","ping_status":"closed","template":"","meta":{"footnotes":""},"class_list":["post-11","page","type-page","status-publish"],"yoast_head":"<!-- This site is optimized with the Yoast SEO plugin v27.5 - https:\/\/yoast.com\/product\/yoast-seo-wordpress\/ -->\n<title>Qui Sommes-Nous ?<\/title>\n<meta name=\"description\" content=\"Bienvenue sur Mairies Online, o\u00f9 la technologie rencontre l\u2019information locale pour cr\u00e9er quelque chose de vraiment unique et innovant dans l\u2019espace m\u00e9diatique fran\u00e7ais. Nous sommes \u00e0 l\u2019intersection de la passion pour l\u2019actualit\u00e9 locale et l\u2019excitation pour les technologies \u00e9mergentes, en particulier, l\u2019intelligence artificielle.\" \/>\n<meta name=\"robots\" content=\"index, nofollow, max-snippet:-1, max-image-preview:large, max-video-preview:-1\" \/>\n<link rel=\"canonical\" href=\"https:\/\/mairies-online.com\/blog\/qui-sommes-nous\/\" \/>\n<meta property=\"og:locale\" content=\"fr_FR\" \/>\n<meta property=\"og:type\" content=\"article\" \/>\n<meta property=\"og:title\" content=\"Qui Sommes-Nous ?\" \/>\n<meta property=\"og:description\" content=\"Bienvenue sur Mairies Online, o\u00f9 la technologie rencontre l\u2019information locale pour cr\u00e9er quelque chose de vraiment unique et innovant dans l\u2019espace m\u00e9diatique fran\u00e7ais. Nous sommes \u00e0 l\u2019intersection de la passion pour l\u2019actualit\u00e9 locale et l\u2019excitation pour les technologies \u00e9mergentes, en particulier, l\u2019intelligence artificielle.\" \/>\n<meta property=\"og:url\" content=\"https:\/\/mairies-online.com\/blog\/qui-sommes-nous\/\" \/>\n<meta property=\"article:modified_time\" content=\"2025-03-19T13:43:33+00:00\" \/>\n<meta name=\"twitter:card\" content=\"summary_large_image\" \/>\n<meta name=\"twitter:label1\" content=\"Dur\u00e9e de lecture estim\u00e9e\" \/>\n\t<meta name=\"twitter:data1\" content=\"3 minutes\" \/>\n<script type=\"application\/ld+json\" class=\"yoast-schema-graph\">{\"@context\":\"https:\\\/\\\/schema.org\",\"@graph\":[{\"@type\":\"WebPage\",\"@id\":\"https:\\\/\\\/mairies-online.com\\\/blog\\\/qui-sommes-nous\\\/\",\"url\":\"https:\\\/\\\/mairies-online.com\\\/blog\\\/qui-sommes-nous\\\/\",\"name\":\"Qui Sommes-Nous ?\",\"isPartOf\":{\"@id\":\"https:\\\/\\\/mairies-online.com\\\/blog\\\/#website\"},\"datePublished\":\"2024-06-21T07:53:10+00:00\",\"dateModified\":\"2025-03-19T13:43:33+00:00\",\"description\":\"Bienvenue sur Mairies Online, o\u00f9 la technologie rencontre l\u2019information locale pour cr\u00e9er quelque chose de vraiment unique et innovant dans l\u2019espace m\u00e9diatique fran\u00e7ais. Nous sommes \u00e0 l\u2019intersection de la passion pour l\u2019actualit\u00e9 locale et l\u2019excitation pour les technologies \u00e9mergentes, en particulier, l\u2019intelligence artificielle.\",\"breadcrumb\":{\"@id\":\"https:\\\/\\\/mairies-online.com\\\/blog\\\/qui-sommes-nous\\\/#breadcrumb\"},\"inLanguage\":\"fr-FR\",\"potentialAction\":[{\"@type\":\"ReadAction\",\"target\":[\"https:\\\/\\\/mairies-online.com\\\/blog\\\/qui-sommes-nous\\\/\"]}]},{\"@type\":\"BreadcrumbList\",\"@id\":\"https:\\\/\\\/mairies-online.com\\\/blog\\\/qui-sommes-nous\\\/#breadcrumb\",\"itemListElement\":[{\"@type\":\"ListItem\",\"position\":1,\"name\":\"Home\",\"item\":\"https:\\\/\\\/mairies-online.com\\\/blog\\\/\"},{\"@type\":\"ListItem\",\"position\":2,\"name\":\"Qui Sommes-Nous ?\"}]},{\"@type\":\"WebSite\",\"@id\":\"https:\\\/\\\/mairies-online.com\\\/blog\\\/#website\",\"url\":\"https:\\\/\\\/mairies-online.com\\\/blog\\\/\",\"name\":\"\",\"description\":\"\",\"potentialAction\":[{\"@type\":\"SearchAction\",\"target\":{\"@type\":\"EntryPoint\",\"urlTemplate\":\"https:\\\/\\\/mairies-online.com\\\/blog\\\/?s={search_term_string}\"},\"query-input\":{\"@type\":\"PropertyValueSpecification\",\"valueRequired\":true,\"valueName\":\"search_term_string\"}}],\"inLanguage\":\"fr-FR\"}]}<\/script>\n<!-- \/ Yoast SEO plugin. -->","yoast_head_json":{"title":"Qui Sommes-Nous ?","description":"Bienvenue sur Mairies Online, o\u00f9 la technologie rencontre l\u2019information locale pour cr\u00e9er quelque chose de vraiment unique et innovant dans l\u2019espace m\u00e9diatique fran\u00e7ais. Nous sommes \u00e0 l\u2019intersection de la passion pour l\u2019actualit\u00e9 locale et l\u2019excitation pour les technologies \u00e9mergentes, en particulier, l\u2019intelligence artificielle.","robots":{"index":"index","follow":"nofollow","max-snippet":"max-snippet:-1","max-image-preview":"max-image-preview:large","max-video-preview":"max-video-preview:-1"},"canonical":"https:\/\/mairies-online.com\/blog\/qui-sommes-nous\/","og_locale":"fr_FR","og_type":"article","og_title":"Qui Sommes-Nous ?","og_description":"Bienvenue sur Mairies Online, o\u00f9 la technologie rencontre l\u2019information locale pour cr\u00e9er quelque chose de vraiment unique et innovant dans l\u2019espace m\u00e9diatique fran\u00e7ais. Nous sommes \u00e0 l\u2019intersection de la passion pour l\u2019actualit\u00e9 locale et l\u2019excitation pour les technologies \u00e9mergentes, en particulier, l\u2019intelligence artificielle.","og_url":"https:\/\/mairies-online.com\/blog\/qui-sommes-nous\/","article_modified_time":"2025-03-19T13:43:33+00:00","twitter_card":"summary_large_image","twitter_misc":{"Dur\u00e9e de lecture estim\u00e9e":"3 minutes"},"schema":{"@context":"https:\/\/schema.org","@graph":[{"@type":"WebPage","@id":"https:\/\/mairies-online.com\/blog\/qui-sommes-nous\/","url":"https:\/\/mairies-online.com\/blog\/qui-sommes-nous\/","name":"Qui Sommes-Nous ?","isPartOf":{"@id":"https:\/\/mairies-online.com\/blog\/#website"},"datePublished":"2024-06-21T07:53:10+00:00","dateModified":"2025-03-19T13:43:33+00:00","description":"Bienvenue sur Mairies Online, o\u00f9 la technologie rencontre l\u2019information locale pour cr\u00e9er quelque chose de vraiment unique et innovant dans l\u2019espace m\u00e9diatique fran\u00e7ais. Nous sommes \u00e0 l\u2019intersection de la passion pour l\u2019actualit\u00e9 locale et l\u2019excitation pour les technologies \u00e9mergentes, en particulier, l\u2019intelligence artificielle.","breadcrumb":{"@id":"https:\/\/mairies-online.com\/blog\/qui-sommes-nous\/#breadcrumb"},"inLanguage":"fr-FR","potentialAction":[{"@type":"ReadAction","target":["https:\/\/mairies-online.com\/blog\/qui-sommes-nous\/"]}]},{"@type":"BreadcrumbList","@id":"https:\/\/mairies-online.com\/blog\/qui-sommes-nous\/#breadcrumb","itemListElement":[{"@type":"ListItem","position":1,"name":"Home","item":"https:\/\/mairies-online.com\/blog\/"},{"@type":"ListItem","position":2,"name":"Qui Sommes-Nous ?"}]},{"@type":"WebSite","@id":"https:\/\/mairies-online.com\/blog\/#website","url":"https:\/\/mairies-online.com\/blog\/","name":"","description":"","potentialAction":[{"@type":"SearchAction","target":{"@type":"EntryPoint","urlTemplate":"https:\/\/mairies-online.com\/blog\/?s={search_term_string}"},"query-input":{"@type":"PropertyValueSpecification","valueRequired":true,"valueName":"search_term_string"}}],"inLanguage":"fr-FR"}]}},"_links":{"self":[{"href":"https:\/\/mairies-online.com\/blog\/wp-json\/wp\/v2\/pages\/11","targetHints":{"allow":["GET"]}}],"collection":[{"href":"https:\/\/mairies-online.com\/blog\/wp-json\/wp\/v2\/pages"}],"about":[{"href":"https:\/\/mairies-online.com\/blog\/wp-json\/wp\/v2\/types\/page"}],"author":[{"embeddable":true,"href":"https:\/\/mairies-online.com\/blog\/wp-json\/wp\/v2\/users\/5"}],"replies":[{"embeddable":true,"href":"https:\/\/mairies-online.com\/blog\/wp-json\/wp\/v2\/comments?post=11"}],"version-history":[{"count":3,"href":"https:\/\/mairies-online.com\/blog\/wp-json\/wp\/v2\/pages\/11\/revisions"}],"predecessor-version":[{"id":7049,"href":"https:\/\/mairies-online.com\/blog\/wp-json\/wp\/v2\/pages\/11\/revisions\/7049"}],"wp:attachment":[{"href":"https:\/\/mairies-online.com\/blog\/wp-json\/wp\/v2\/media?parent=11"}],"curies":[{"name":"wp","href":"https:\/\/api.w.org\/{rel}","templated":true}]}}